s of 2592863.
7, 13, 28493
What are the prime factors of 3132833?
11, 284803
What are the prime factors of 2139372?
2, 3, 31, 71
List the prime factors of 86856.
2, 3, 7, 11, 47
List the prime factors of 25859813.
7, 43, 53, 1621
What are the prime factors of 8780454?
2, 3, 162601
What are the prime factors of 484254?
2, 3, 26903
What are the prime factors of 19202287?
13, 113623
List the prime factors of 172682.
2, 86341
List the prime factors of 7051918.
2, 41, 85999
What are the prime factors of 482760?
2, 3, 5, 149
What are the prime factors of 740945?
5, 17, 23, 379
What are the prime factors of 422480?
2, 5, 5281
What are the prime factors of 5873074?
2, 31, 94727
List the prime factors of 12234420.
2, 3, 5, 11, 37, 167
List the prime factors of 147353.
147353
What are the prime factors of 91982?
2, 11, 37, 113
List the prime factors of 36281633.
36281633
What are the prime factors of 168723?
3, 2083
List the prime factors of 2330908.
2, 582727
List the prime factors of 1559762.
2, 199, 3919
What are the prime factors of 1482812?
2, 37, 43, 233
List the prime factors of 5533922.
2, 937, 2953
List the prime factors of 1805600.
2, 5, 37, 61
List the prime factors of 159116.
2, 39779
List the prime factors of 100470.
2, 3, 5, 17, 197
List the prime factors of 84249.
3, 11, 23, 37
What are the prime factors of 401324?
2, 7, 11, 1303
List the prime factors of 620835.
3, 5, 41389
What are the prime factors of 6974273?
19, 593, 619
List the prime factors of 3544739.
11, 322249
What are the prime factors of 7949?
7949
What are the prime factors of 86211?
3, 31, 103
List the prime factors of 79140.
2, 3, 5, 1319
List the prime factors of 1250672.
2, 78167
What are the prime factors of 4356957?
3, 11, 31, 4259
What are the prime factors of 146205?
3, 5, 19
What are the prime factors of 30566?
2, 17, 29, 31
What are the prime factors of 216695?
5, 19, 2281
What are the prime factors of 3722219?
3722219
What are the prime factors of 340259?
41, 43, 193
What are the prime factors of 16034739?
3, 7, 763559
List the prime factors of 68489.
68489
What are the prime factors of 18199?
18199
What are the prime factors of 1244136?
2, 3, 51839
What are the prime factors of 6170664?
2, 3, 41, 6271
List the prime factors of 1405928.
2, 43, 61, 67
List the prime factors of 8827149.
3, 2942383
List the prime factors of 93129.
3, 37, 839
What are the prime factors of 1386807?
3, 109, 4241
List the prime factors of 35106774.
2, 3, 433, 13513
List the prime factors of 134632.
2, 16829
List the prime factors of 952122.
2, 3, 89, 1783
What are the prime factors of 9496682?
2, 13, 365257
List the prime factors of 10102291.
43, 239, 983
List the prime factors of 1865763.
3, 207307
List the prime factors of 3101642.
2, 23, 67427
What are the prime factors of 1687397?
1297, 1301
What are the prime factors of 85019?
11, 59, 131
What are the prime factors of 48758?
2, 24379
What are the prime factors of 668563?
7, 149, 641
List the prime factors of 1295852.
2, 131, 2473
List the prime factors of 752103.
3, 11, 71, 107
What are the prime factors of 351879?
3, 11, 10663
List the prime factors of 6242598.
2, 3, 29, 11959
What are the prime factors of 881971?
607, 1453
What are the prime factors of 4996934?
2, 23, 4723
List the prime factors of 396659.
79, 5021
List the prime factors of 3050604.
2, 3, 101, 839
List the prime factors of 977919.
3, 409, 797
List the prime factors of 1309699.
1309699
List the prime factors of 288836.
2, 163, 443
What are the prime factors of 4555054?
2, 7, 73, 4457
What are the prime factors of 2199144?
2, 3, 91631
List the prime factors of 98729.
98729
What are the prime factors of 426346?
2, 213173
List the prime factors of 197537.
251, 787
What are the prime factors of 1483298?
2, 41, 18089
List the prime factors of 7630089.
3, 23, 110581
What are the prime factors of 422380?
2, 5, 7, 431
List the prime factors of 268728.
2, 3, 11197
List the prime factors of 839622.
2, 3, 7, 19991
List the prime factors of 447558.
2, 3, 97, 769
What are the prime factors of 14250874?
2, 11, 19, 103, 331
List the prime factors of 143565.
3, 5, 17, 563
What are the prime factors of 57499?
13, 4423
List the prime factors of 10695098.
2, 241, 22189
List the prime factors of 710023.
710023
What are the prime factors of 208071?
3, 61, 379
List the prime factors of 2653498.
2, 53, 25033
What are the prime factors of 203817?
3, 67939
List the prime factors of 80144.
2, 5009
List the prime factors of 3539349.
3, 11, 17, 701
What are the prime factors of 5170969?
233, 22193
What are the prime factors of 32928214?
2, 11, 136067
What are the prime factors of 637052?
2, 13, 12251
List the prime factors of 360727.
43, 8389
What are the prime factors of 9609540?
2, 3, 5, 160159
List the prime factors of 235360.
2, 5, 1471
List the prime factors of 217182.
2, 3, 7, 5171
List the prime factors of 3551625.
3, 5, 7, 11, 41
List the prime factors of 541957.
13, 47, 887
List the prime factors of 313502.
2, 7, 457
List the prime factors of 1279597.
11, 61, 1907
List the prime factors of 243044.
2, 60761
List the prime factors of 2551280.
2, 5, 31891
What are the prime factors of 1554087?
3, 23, 101, 223
What are the prime factors of 8382397?
211, 39727
List the prime factors of 274294.
2, 137147
List the prime factors of 15577429.
7, 727, 3061
What are the prime factors of 964660?
2, 5, 139, 347
List the prime factors of 658654.
2, 19, 17333
List the prime factors of 365792.
2, 7, 23, 71
What are the prime factors of 7488354?
2, 3, 1248059
List the prime factors of 14029746.
2, 3, 2338291
What are the prime factors of 598327?
37, 103, 157
What are the prime factors of 133505?
5, 26701
List the prime factors of 406434.
2, 3, 7, 9677
What are the prime factors of 18188477?
18188477
List the prime factors of 1020797.
1020797
List the prime factors of 140696.
2, 43, 409
List the prime factors of 616603.
13, 47431
List the prime factors of 35765621.
23, 1555027
What are the prime factors of 3587264?
2, 23, 2437
List the prime factors of 14218132.
2, 907, 3919
What are the prime factors of 15099323?
15099323
What are the prime factors of 1440849?
3, 31, 15493
What are the prime factors of 4278903?
3, 1426301
What are the prime factors of 2285663?
227, 10069
What are the prime factors of 3249293?
3249293
List the prime factors of 278770.
2, 5, 61, 457
List the prime factors of 57297.
3, 71, 269
What are the prime factors of 31228739?
137, 227947
List the prime factors of 1184894.
2, 389, 1523
List the prime factors of 1820302.
2, 11, 97, 853
List the prime factors of 387996.
2, 3, 7, 31, 149
List the prime factors of 3839573.
3839573
List the prime factors of 606890.
2, 5, 60689
What are the prime factors of 10923407?
11, 993037
What are the prime factors of 6946386?
2, 3, 139, 8329
List the prime factors of 561699.
3, 139, 449
List the prime factors of 1420604.
2, 439, 809
What are the prime factors of 85633?
19, 4507
What are the prime factors of 380065?
5, 7, 10859
List the prime factors of 9392614.
2, 7, 11, 8713
List the prime factors of 2118960.
2, 3, 5, 109
List the prime factors of 836140.
2, 5, 97, 431
What are the prime factors of 7325070?
2, 3, 5, 19, 71, 181
What are the prime factors of 1197711?
3, 73, 1823
List the prime factors of 8562421.
7, 1223203
List the prime factors of 2500628.
2, 13, 19, 2531
List the prime factors of 3965055.
3, 5, 31, 8527
What are the prime factors of 598216?
2, 37, 43, 47
List the prime factors of 2906346.
2, 3, 691, 701
What are the prime factors of 7460907?
3, 2486969
List the prime factors of 34305463.
29, 1182947
What are the prime factors of 20473?
59, 347
What are the prime factors of 2239904?
2, 69997
List the prime factors of 4732011.
3, 449, 1171
List the prime factors of 42065946.
2, 3, 13, 31, 1933
List the prime factors of 593238.
2, 3, 98873
List the prime factors of 34493.
17, 2029
What are the prime factors of 176402?
2, 193, 457
List the prime factors of 1132430.
2, 5, 13, 31, 281
What are the prime factors of 1586135?
5, 317227
What are the prime factors of 357261?
3, 119087
What are the prime factors of 2673052?
2, 43, 15541
What are the prime factors of 1751406?
2, 3, 291901
What are the prime factors of 1277700?
2, 3, 5